. Suppose 4*p + w - l + 20 = 0, -4*p + 5*w = -29. What is the units digit of p?
1
What is the hundreds digit of 15/18*273*2?
4
Suppose -5*u + 6*u = -2*h + 972, -4*u + 3938 = -2*h. What is the hundreds digit of u?
9
Let n(d) = 18*d**2 - 25*d + 16. What is the units digit of n(-9)?
9
Let g(u) = 12*u**2 + 27*u - 11. What is the thousands digit of g(-11)?
1
Suppose -13*t + 14*t = 2. Suppose 3*x = -t*x + 40. What is the units digit of x?
8
Let j(c) = 132*c + 85*c - 18*c + 61*c - 10. What is the hundreds digit of j(1)?
2
Let q(x) be the first derivative of -x**3/3 - 8*x**2 - 15*x + 4. Let c be q(-15). Suppose -2*k + 19 = 5*d, 2*k + 2*k - d - 93 = c. What is the tens digit of k?
2
Let i(u) = 2405*u - 16. What is the units digit of i(1)?
9
Suppose 2*p - 94 = 816. What is the units digit of p?
5
Suppose 5*m - 6 = 9. Suppose 0 = -0*n + m*n + 36. What is the units digit of n/(-4)*7 - -3?
4
Let u(b) = b**3 - 2*b**2 + 3*b - 1. Let o be u(2). Suppose -o*k + 14 - 64 = 0. What is the units digit of (2 - k/2)*1?
7
Suppose 0*k + 25*k = 13025. What is the units digit of k?
1
Let c(n) = 2*n**3 + 53*n**2 + 45*n - 37. What is the units digit of c(-25)?
3
Let i be -9 - -9 - (1 - -23). Let z be (15/20)/((-9)/i). Suppose -4*x = z*o - 116, 2*o = 2*x - 0*o - 46. What is the units digit of x?
7
Suppose 58 + 294 = 4*j. Let i = j - 56. What is the tens digit of i?
3
Let u be 2 - 4*(-1)/2. Suppose -2*l - 2 = -u. What is the units digit of 1 + l*0/(-3)?
1
Let r = 5491 - 3847. What is the tens digit of r?
4
Let b(d) = -2*d - 2. Let q be b(9). Let w = 23 + q. Suppose -w*r + 2*f + 48 = 0, r - 6*r + 2*f + 80 = 0. What is the units digit of r?
6
Suppose -5*p - 530 = 5*t, -3*t - 603 = 4*p - 177. Let r = p + 156. Suppose 3*s - r = -0*s. What is the units digit of s?
6
Let j(z) = -4*z - 12. Let l be j(4). What is the tens digit of 43 - (-7)/(l/(-12))?
4
Suppose 3*b - 8 = -b. Suppose -w = w - b. Let n(s) = 24*s**2 - s + 1. What is the tens digit of n(w)?
2
What is the tens digit of 244/2 - (4 + 0 + -9)?
2
Suppose 0 = -4*m + p + 10668, 0 = -3*m + p + 11363 - 3361. What is the tens digit of m?
6
Let t = 1 + 1. Suppose t*i = -i + 21. What is the units digit of i/1 - 1/1?
6
Let c(p) = 2*p**3 - 8*p**2 - 5*p + 12. Let n(h) = h**2 - h + 4. Let q be n(2). What is the tens digit of c(q)?
2
Let k = 1555 - 844. What is the units digit of k?
1
Suppose 97*u - 50651 - 239476 = 0. What is the thousands digit of u?
2
Suppose 0 = -47*g + 10504 + 29728. What is the units digit of g?
6
Let h(w) be the second derivative of w**4/6 + w**3/6 + 11*w**2/2 + 4*w. What is the units digit of h(5)?
6
Let d = -559 + 1393. What is the tens digit of d?
3
What is the thousands digit of -77*((-2)/(-4) + (-1710)/20)?
6
Let i(y) = 5*y**2 + y + 1. Let f be i(-1). Let s = 5 + f. Suppose 58 = 4*w + s. What is the tens digit of w?
1
Suppose 7*b - 46 = 45. Suppose 0 = -4*p + 4, -q = -0*q - 3*p - b. What is the tens digit of q?
1
Let b(x) = -x**3 - 3*x**2 + 4*x - 4. Suppose 2*k + 4 = -h, 0*h - 3*h - 2*k - 12 = 0. Let o be b(h). What is the units digit of (o/3)/(6/(-18))?
4
Suppose -w + 4*r + 401 = 0, 0 = 5*w + 53*r - 54*r - 1910. What is the tens digit of w?
8
Let a be 2 + 19 + 0/3. What is the units digit of 47 - (-2)/(7/(a/6))?
8
Let n be 57/5 - (-22)/(-55). Suppose -x - 6 = 5*c, -2*c = 2*x - 0*c - 4. Let s = x + n. What is the tens digit of s?
1
Suppose 5 = -x, 0*b + b - 645 = 5*x. What is the hundreds digit of b?
6
Suppose -15 - 57 = -3*a. Suppose -3*d + 7*d = a. Suppose -d*z = -z - 145. What is the units digit of z?
9
Let p = -26 - -127. Let u = 22 + p. What is the tens digit of u?
2
Let d(p) = -p**3 + p**2 - 1. Let z be d(-1). Let y(k) be the second derivative of 19*k**3/3 - 15*k. What is the units digit of y(z)?
8
Let g(v) = v**2 + v + 1. Let y(i) = 10*i**2 - 4*i. Let n(j) = 2*g(j) + y(j). What is the tens digit of n(2)?
4
Let l = 3 + 2. Suppose -l*y = p + 4*p - 25, -3*y + p = -7. Suppose 5*s + 20 = -2*w + y*w, 4*w = -5*s + 105. What is the units digit of w?
5
Let d(b) = 65*b + 72. What is the tens digit of d(6)?
6
Let f(o) = o**3 + 9*o**2 + 2*o + 3533. What is the units digit of f(0)?
3
Let p = 293 - 202. Let m = -48 + p. What is the units digit of m?
3
Let z(f) = -16*f - 150. Let x be z(-12). Let u(w) = -2*w - 1. Let d be u(-3). Suppose -x - d = -c. What is the units digit of c?
7
Let u(h) = -h**3 + 12*h**2 - 25*h + 12. What is the units digit of u(8)?
8
Suppose 2*z - 9 = 5. Let n = 22 - z. What is the tens digit of (-456)/(-15) + (-6)/n?
3
Suppose -4*q = 3*f - 1773, -q = -52*f + 57*f - 2938. What is the tens digit of f?
8
Let y be 10*1/(-2) + 3. Let x(n) = -29*n - 21. What is the units digit of x(y)?
7
Suppose -9*x = -20*x + 5775. What is the tens digit of x?
2
Let w be 3*75 + 1*-4. Suppose -5*a + w = 1. What is the tens digit of (-2)/(-4)*-4 + a?
4
Let x(n) = -n**3 - 23*n**2 - 31*n - 120. What is the hundreds digit of x(-23)?
5
Let y = -1070 - -1715. What is the hundreds digit of y?
6
Let z(p) = -p + 39. Let b(q) = -q + 19. Let n(k) = 5*b(k) - 2*z(k). What is the tens digit of n(-6)?
3
Suppose 3*i - 17 = 5*o - 122, 52 = 3*o - 4*i. Suppose 4*k = -o + 4. Let c(a) = -a**3 - 4*a**2 - 4*a + 7. What is the tens digit of c(k)?
5
Suppose -6*l + 5*l + 2 = 0. Let u = l + -2. Suppose -5*v + 5*a = -30, u*v - 3*a = -v + 14. What is the units digit of v?
2
Let a(l) = -9*l + 187. What is the tens digit of a(-4)?
2
Let w = 28 + -24. Suppose w*n + 8 = 100. What is the tens digit of n?
2
Let u = -139 - -62. Let y = 339 + -216. Let h = u + y. What is the tens digit of h?
4
Suppose 0*f + f - 5*u - 628 = 0, 4*f = -2*u + 2534. What is the tens digit of f?
3
Let a(p) = p**3 - 9*p**2 - 11*p - 7. Let k be a(11). Let y = 262 - k. What is the units digit of 3*(2 + y/12)?
3
Let b be (3/(-2))/((-6)/8). Let q(v) = 2*v**2 + v**2 + 12 - 3*v**b + v**2 - 4*v. What is the units digit of q(5)?
7
Let l(p) = 6*p**2 + 2*p + 1. Let m be l(-1). Suppose -h - 4*r = -m*h + 736, 2*h + 5*r = 333. What is the units digit of h?
9
Let z(b) = 39*b + 39. What is the tens digit of z(3)?
5
Let c(k) = k**3 - 10*k**2 - k + 2. Let n be c(10). Let j(x) = x**2 + 8*x + 6. What is the units digit of j(n)?
6
Let a(g) = -g**3 - 4*g**2 + 7*g + 12. Let j be a(-5). Suppose -74 = -2*z - 0*k - 2*k, -59 = -j*z + 3*k. What is the units digit of z?
4
Suppose -26*g = -31*g + 20. Suppose -s - 546 = -3*s + 2*t, 3*s - 814 = g*t. What is the hundreds digit of s?
2
Let y(j) = 15*j**3 - 3*j + 2. Let p be y(1). Let u be 9/(-3)*p/(-6). Let i = 9 - u. What is the units digit of i?
2
Let w(q) = -q**2 - 5*q + 3. Let k be w(8). Let n = 17 - k. What is the hundreds digit of n?
1
Let a(i) = -2*i**3 - 2*i**2 + 14*i + 4. What is the hundreds digit of a(-6)?
2
Suppose -28*d = -31*d. Suppose -3*s - 2*w + 301 = d, -s = 7*w - 3*w - 87. What is the units digit of s?
3
Suppose -11313 = -8*w - 1913. What is the thousands digit of w?
1
What is the hundreds digit of 3/5 - 1112469/(-435)?
5
Suppose 146 = 2*h - 120. Suppose -h = 6*b + 11. Let w = b + 36. What is the units digit of w?
2
Suppose -16*o = -10*o - 1020. Let s = o + -88. What is the tens digit of s?
8
Suppose 2*q = -n + 3170, -3171 = 78*n - 79*n - q. What is the thousands digit of n?
3
Suppose 0 = 4*f - 4*q - 4152, 2*q - 1058 = -f + 7*q. What is the units digit of f?
3
Suppose -6*a + a - 25 = 0, 0 = -5*z - 2*a + 9130. What is the units digit of z?
8
Let q(t) = 93*t - 25. What is the tens digit of q(1)?
6
Let f(m) = -2*m**3 + 39*m**2 - 37*m + 5. What is the units digit of f(16)?
5
Let m = 1901 - 1637. What is the units digit of m?
4
Suppose -62 = -3*r - 161. Let c = 53 - r. What is the tens digit of c?
8
Suppose 0 = 5*u + r - 222, 76 - 286 = -5*u + 5*r. Suppose 8*b - 7*b - u = 0. What is the units digit of b?
4
Let l = 101 - 65. Suppose 2*z = -2*s - s + l, 3*z - 4*s = 88. Suppose -z = -3*t + 2*t. What is the units digit of t?
4
Let j(g) = -5*g - 13. Let p be j(-6). Let x = 138 - p. What is the units digit of x?
1
Suppose 21*i - 47630 = 10*i. What is the hundreds digit of i?
3
Let n(l) = -5 + 4*l + l - 1 + 1. What is the tens digit of n(6)?
2
Let i(g) = g + 1. Let l be i(1). Suppose -l*y + 79 = -3*y + f, -3*f = 3*y + 231. What is the tens digit of 6/(-4) - y/4?
1
Let q = 13 + 1. Suppose g + 4*p = 2 - 7, 0 = 4*g - p - q. What is the tens digit of 